nder when 251 is divided by 32?
27
What is the remainder when 359 is divided by 8?
7
Calculate the remainder when 3385 is divided by 14.
11
Calculate the remainder when 879 is divided by 128.
111
What is the remainder when 1774 is divided by 1764?
10
Calculate the remainder when 174 is divided by 88.
86
Calculate the remainder when 251 is divided by 22.
9
Calculate the remainder when 44 is divided by 8.
4
Calculate the remainder when 91 is divided by 23.
22
What is the remainder when 1538 is divided by 19?
18
Calculate the remainder when 5367 is divided by 137.
24
Calculate the remainder when 500 is divided by 490.
10
What is the remainder when 23 is divided by 16?
7
What is the remainder when 113 is divided by 62?
51
What is the remainder when 269 is divided by 7?
3
What is the remainder when 4947 is divided by 110?
107
What is the remainder when 46 is divided by 14?
4
What is the remainder when 1196 is divided by 11?
8
Calculate the remainder when 120 is divided by 32.
24
What is the remainder when 514 is divided by 44?
30
Calculate the remainder when 309 is divided by 64.
53
What is the remainder when 774 is divided by 99?
81
Calculate the remainder when 47 is divided by 15.
2
What is the remainder when 654 is divided by 94?
90
What is the remainder when 104 is divided by 49?
6
What is the remainder when 87 is divided by 10?
7
Calculate the remainder when 1344 is divided by 75.
69
What is the remainder when 941 is divided by 23?
21
What is the remainder when 76 is divided by 20?
16
What is the remainder when 1256 is divided by 21?
17
Calculate the remainder when 137 is divided by 46.
45
Calculate the remainder when 5953 is divided by 15.
13
What is the remainder when 3957 is divided by 33?
30
Calculate the remainder when 14180 is divided by 346.
340
Calculate the remainder when 1210 is divided by 35.
20
Calculate the remainder when 169 is divided by 19.
17
What is the remainder when 3396 is divided by 11?
8
Calculate the remainder when 1792 is divided by 16.
0
Calculate the remainder when 174 is divided by 119.
55
Calculate the remainder when 988 is divided by 272.
172
What is the remainder when 3517 is divided by 153?
151
What is the remainder when 80 is divided by 53?
27
Calculate the remainder when 700 is divided by 275.
150
Calculate the remainder when 1635 is divided by 6.
3
Calculate the remainder when 129 is divided by 45.
39
What is the remainder when 68 is divided by 22?
2
Calculate the remainder when 75 is divided by 11.
9
What is the remainder when 584 is divided by 30?
14
Calculate the remainder when 34 is divided by 7.
6
Calculate the remainder when 138 is divided by 11.
6
What is the remainder when 103 is divided by 15?
13
What is the remainder when 609 is divided by 132?
81
Calculate the remainder when 58 is divided by 12.
10
What is the remainder when 95 is divided by 40?
15
What is the remainder when 29 is divided by 12?
5
Calculate the remainder when 1383 is divided by 46.
3
What is the remainder when 721 is divided by 91?
84
What is the remainder when 289 is divided by 28?
9
Calculate the remainder when 182 is divided by 60.
2
Calculate the remainder when 527 is divided by 90.
77
Calculate the remainder when 2478 is divided by 131.
120
What is the remainder when 1236 is divided by 1234?
2
What is the remainder when 259 is divided by 192?
67
Calculate the remainder when 654 is divided by 324.
6
Calculate the remainder when 90 is divided by 28.
6
Calculate the remainder when 396 is divided by 50.
46
Calculate the remainder when 106 is divided by 51.
4
What is the remainder when 1478 is divided by 87?
86
Calculate the remainder when 379 is divided by 42.
1
What is the remainder when 122 is divided by 46?
30
Calculate the remainder when 931 is divided by 47.
38
Calculate the remainder when 166 is divided by 84.
82
What is the remainder when 4158 is divided by 160?
158
What is the remainder when 324 is divided by 323?
1
What is the remainder when 469 is divided by 95?
89
What is the remainder when 205 is divided by 23?
21
Calculate the remainder when 139 is divided by 48.
43
Calculate the remainder when 486 is divided by 123.
117
What is the remainder when 518 is divided by 138?
104
Calculate the remainder when 411 is divided by 105.
96
Calculate the remainder when 147 is divided by 38.
33
Calculate the remainder when 7701 is divided by 6.
3
Calculate the remainder when 1815 is divided by 18.
15
Calculate the remainder when 16691 is divided by 39.
38
Calculate the remainder when 3289 is divided by 89.
85
What is the remainder when 256 is divided by 223?
33
Calculate the remainder when 348 is divided by 78.
36
What is the remainder when 3472 is divided by 44?
40
Calculate the remainder when 569 is divided by 6.
5
What is the remainder when 1536 is divided by 44?
40
Calculate the remainder when 862 is divided by 27.
25
Calculate the remainder when 51 is divided by 27.
24
Calculate the remainder when 81 is divided by 80.
1
What is the remainder when 31 is divided by 17?
14
Calculate the remainder when 719 is divided by 645.
74
What is the remainder when 569 is divided by 193?
183
What is the remainder when 4609 is divided by 53?
51
What is the remainder when 6409 is divided by 5?
4
What is the remainder when 27 is divided by 25?
2
Calculate the remainder when 687 is divided by 46.
43
Calculate the remainder when 293 is divided by 93.
14
Calculate the remainder when 59 is divided by 13.
7
What is the remainder when 405 is divided by 393?
12
Calculate the remainder when 3359 is divided by 177.
173
What is the remainder when 1951 is divided by 21?
19
What is the remainder when 132 is divided by 42?
6
Calculate the remainder when 109 is divided by 30.
19
What is the remainder when 4505 is divided by 92?
89
Calculate the remainder when 225 is divided by 57.
54
Calculate the remainder when 82 is divided by 26.
4
What is the remainder when 469 is divided by 27?
10
What is the remainder when 618 is divided by 79?
65
Calculate the remainder when 4559 is divided by 169.
165
Calculate the remainder when 263 is divided by 84.
11
Calculate the remainder when 170 is divided by 52.
14
Calculate the remainder when 239 is divided by 80.
79
Calculate the remainder when 198 is divided by 5.
3
What is the remainder when 262 is divided by 16?
6
Calculate the remainder when 788 is divided by 161.
144
Calculate the remainder when 9001 is divided by 999.
10
What is the remainder when 831 is divided by 52?
51
What is the remainder when 1911 is divided by 68?
7
What is the remainder when 127 is divided by 38?
13
Calculate the remainder when 232 is divided by 48.
40
Calculate the remainder when 32 is divided by 11.
10
Calculate the remainder when 3218 is divided by 5.
3
Calculate the remainder when 2202 is divided by 170.
162
What is the remainder when 72 is divided by 32?
8
Calculate the remainder when 444 is divided by 150.
144
Calculate the remainder when 888 is divided by 33.
30
What is the remainder when 5453 is divided by 107?
103
Calculate the remainder when 10345 is divided by 123.
13
What is the remainder when 11582 is divided by 81?
80
What is the remainder when 302 is divided by 153?
149
What is the remainder when 79 is divided by 21?
16
Calculate the remainder when 58 is divided by 24.
10
What is the remainder when 1076 is divided by 76?
12
What is the remainder when 339 is divided by 335?
4
What is the remainder when 6333 is divided by 33?
30
Calculate the remainder when 4772 is divided by 16.
4
What is the remainder when 1887 is divided by 32?
31
What is the remainder when 361 is divided by 274?
87
What is the remainder when 59 is divided by 40?
19
What is the remainder when 1620 is divided by 24?
12
What is the remainder when 292 is divided by 44?
28
Calculate the remainder when 224 is divided by 206.
18
What is the remainder when 331 is divided by 84?
79
Calculate the remainder when 26 is divided by 2.
0
What is the remainder when 9200 is divided by 27?
20
Calculate the remainder when 14 is divided by 9.
5
What is the remainder when 42 is divided by 13?
3
Calculate the remainder when 3056 is divided by 15.
11
Calculate the remainder when 372 is divided by 11.
9
Calculate the remainder when 14412 is divided by 8.
4
Calculate the remaind